n 234065 is divided by 6394.
3881
What is the remainder when 353764 is divided by 3340?
3064
Calculate the remainder when 775016 is divided by 6858.
62
Calculate the remainder when 17366 is divided by 16187.
1179
Calculate the remainder when 53354567 is divided by 53354535.
32
Calculate the remainder when 372220648 is divided by 431.
428
What is the remainder when 118636 is divided by 14711?
948
Calculate the remainder when 38542556 is divided by 56.
52
What is the remainder when 19933 is divided by 1102?
97
What is the remainder when 867642 is divided by 220?
182
Calculate the remainder when 314934 is divided by 300.
234
What is the remainder when 19143925 is divided by 18?
7
Calculate the remainder when 2373824 is divided by 64153.
163
What is the remainder when 45596457 is divided by 390?
387
What is the remainder when 755163 is divided by 1212?
87
What is the remainder when 4083568 is divided by 816700?
68
What is the remainder when 2884771 is divided by 1203?
1180
Calculate the remainder when 19376544 is divided by 88.
0
What is the remainder when 973449 is divided by 313?
19
Calculate the remainder when 27700 is divided by 8109.
3373
Calculate the remainder when 64773962 is divided by 18.
8
Calculate the remainder when 160688 is divided by 1702.
700
Calculate the remainder when 48111 is divided by 1421.
1218
Calculate the remainder when 3084559 is divided by 622.
61
What is the remainder when 10940365 is divided by 2?
1
Calculate the remainder when 32418 is divided by 9345.
4383
Calculate the remainder when 61143387 is divided by 1683.
1680
Calculate the remainder when 7904275 is divided by 1985.
5
Calculate the remainder when 158835 is divided by 1542.
9
What is the remainder when 3043171 is divided by 3043156?
15
Calculate the remainder when 80747 is divided by 10835.
4902
What is the remainder when 5558498 is divided by 1389388?
946
Calculate the remainder when 1268112 is divided by 261.
174
Calculate the remainder when 36400 is divided by 400.
0
What is the remainder when 45377 is divided by 4440?
977
What is the remainder when 494474 is divided by 1247?
662
Calculate the remainder when 10762071 is divided by 115721.
18
What is the remainder when 171508 is divided by 1014?
142
Calculate the remainder when 11999117 is divided by 11999106.
11
What is the remainder when 1037375684 is divided by 344?
340
What is the remainder when 44241 is divided by 6239?
568
What is the remainder when 448790 is divided by 224371?
48
What is the remainder when 14672484 is divided by 1006?
980
What is the remainder when 896275 is divided by 6493?
241
Calculate the remainder when 22095 is divided by 701.
364
What is the remainder when 109211 is divided by 246?
233
Calculate the remainder when 9313572 is divided by 234.
138
Calculate the remainder when 744008 is divided by 1607.
1574
What is the remainder when 25674766 is divided by 377570?
6
Calculate the remainder when 270779 is divided by 1342.
1037
Calculate the remainder when 3278446 is divided by 181.
174
What is the remainder when 1179477 is divided by 235858?
187
Calculate the remainder when 417357 is divided by 3005.
2667
Calculate the remainder when 7493 is divided by 1490.
43
Calculate the remainder when 846358 is divided by 2239.
16
What is the remainder when 33333701 is divided by 666674?
1
Calculate the remainder when 5226 is divided by 391.
143
What is the remainder when 24011 is divided by 1794?
689
Calculate the remainder when 25594934 is divided by 2843879.
23
Calculate the remainder when 1554736 is divided by 777368.
0
What is the remainder when 15759 is divided by 1250?
759
Calculate the remainder when 335786 is divided by 176.
154
What is the remainder when 84853 is divided by 3732?
2749
Calculate the remainder when 12632 is divided by 3734.
1430
What is the remainder when 9913 is divided by 9617?
296
Calculate the remainder when 711126 is divided by 44439.
102
What is the remainder when 12310467 is divided by 12310350?
117
Calculate the remainder when 22443 is divided by 19563.
2880
What is the remainder when 362203 is divided by 553?
541
What is the remainder when 77625 is divided by 25839?
108
Calculate the remainder when 259475 is divided by 40.
35
What is the remainder when 10250 is divided by 573?
509
Calculate the remainder when 256435 is divided by 84552.
2779
What is the remainder when 302804562 is divided by 147?
144
What is the remainder when 1340587 is divided by 67029?
7
Calculate the remainder when 106934 is divided by 8906.
62
What is the remainder when 14474637 is divided by 113?
15
Calculate the remainder when 1754703 is divided by 11248.
15
Calculate the remainder when 728484 is divided by 403.
263
Calculate the remainder when 17864281 is divided by 32.
25
What is the remainder when 34240280 is divided by 466?
464
What is the remainder when 2619901 is divided by 341?
339
Calculate the remainder when 61955355 is divided by 139.
136
Calculate the remainder when 1101194 is divided by 100071.
413
What is the remainder when 15161 is divided by 302?
61
Calculate the remainder when 378315 is divided by 378295.
20
Calculate the remainder when 911442 is divided by 2016.
210
What is the remainder when 1569018 is divided by 74692?
486
What is the remainder when 264743 is divided by 1146?
17
Calculate the remainder when 162345 is divided by 41.
26
What is the remainder when 192345 is divided by 637?
608
What is the remainder when 1847007 is divided by 615668?
3
What is the remainder when 1649930 is divided by 4521?
4286
What is the remainder when 1893197888 is divided by 4870?
4868
Calculate the remainder when 234212 is divided by 78.
56
Calculate the remainder when 214520598 is divided by 17.
12
Calculate the remainder when 219774 is divided by 31390.
44
Calculate the remainder when 20521 is divided by 631.
329
What is the remainder when 814538 is divided by 50900?
138
What is the remainder when 3025350 is divided by 16903?
16616
Calculate the remainder when 727163 is divided by 834.
749
What is the remainder when 2675361 is divided by 563?
548
What is the remainder when 554900 is divided by 228?
176
What is the remainder when 147628124 is divided by 73814049?
26
What is the remainder when 614 is divided by 416?
198
What is the remainder when 3164976 is divided by 364?
360
What is the remainder when 5388181 is divided by 31695?
31
What is the remainder when 7148225 is divided by 936?
929
Calculate the remainder when 1190760 is divided by 682.
670
What is the remainder when 36301 is divided by 35811?
490
Calculate the remainder when 22028 is divided by 5450.
228
What is the remainder when 1505015 is divided by 4427?
4262
What is the remainder when 79639 is divided by 1154?
13
What is the remainder when 34940 is divided by 5241?
3494
What is the remainder when 98560611 is divided by 619878?
9
What is the remainder when 977829107 is divided by 19?
16
Calculate the remainder when 670746481 is divided by 167.
166
What is the remainder when 1214961 is divided by 242989?
16
What is the remainder when 45022 is divided by 3008?
2910
Calculate the remainder when 648819 is divided by 92684.
31
Calculate the remainder when 125169 is divided by 763.
37
Calculate the remainder when 523930 is divided by 499.
479
What is the remainder when 1664129 is divided by 277354?
5
What is the remainder when 52001 is divided by 1268?
13
Calculate the remainder when 12502023 is divided by 42.
9
Calculate the remainder when 12529553 is divided by 3929.
3901
What is the remainder when 98937 is divided by 12952?
8273
Calculate the remainder when 200806 is divided by 99087.
2632
What is the remainder when 800102 is divided by 114252?
338
What is the remainder when 1125207 is divided by 224881?
802
Calculate the remainder when 469615 is divided by 265.
35
Calculate the remainder when 1247937788 is divided by 1177.
1175
What is the remainder when 12525400 is divided by 983?
14
Calculate the remainder when 31135622 is divided by 1831507.
3
What is the remainder when 680010 is divided by 679787?
223
Calculate the remainder when 6767432 is divided by 11894.
11640
What is the remainder when 2672145 is divided by 1336021?
103
Calculate the remainder when 16641964 is divided by 656.
556
Calculate the remainder wh